c(a) = 5*a + 25. Let n be c(-10). Is 1/((n/815)/(-5)) composite?
False
Let l(f) = f**3 - 2*f**2 - 7*f + 6. Let z be l(4). Let p(k) = 2*k**2 - z*k - 8*k + 3 - 10 - 14. Is p(-17) a composite number?
False
Let h = -2 - -5. Let x(f) = -3*f - 27. Let c be x(-12). Suppose h*k = -0*k + c. Is k a composite number?
False
Let n be (-2*(-27)/72)/((-1)/(-4)). Is (n/(-9))/((-1)/6549) a composite number?
True
Suppose 6*v - 8*v = -40. Let i = 25 - v. Suppose -l = -2*g + 131 + 6, 0 = -i*g + 5*l + 350. Is g prime?
True
Let k = 9 - -3. Let b be (0 - (-9)/k)*4. Suppose 254 + 103 = 5*r - 4*q, b*q = -5*r + 336. Is r prime?
False
Is 42843/12*(30 - 26) a prime number?
True
Suppose y = -0*y + 2. Suppose 0 = 2*m + 3*i - 0*i + 4, y*m - 4*i - 24 = 0. Suppose 46 + 14 = m*f. Is f composite?
True
Let j(z) = -1558*z + 19. Let s be j(-9). Suppose -s = a - 20*a. Is a composite?
False
Let f = 27 - 27. Suppose -v = l - f - 5, -4 = 2*l - 5*v. Suppose 2*x = 3*x - 4*n - 591, l*x = -3*n + 1743. Is x prime?
False
Let a = 5 - -2. Let i(l) = 6*l + 0*l**3 - a*l + l**3 + 65. Is i(0) composite?
True
Let y(q) = -q**3 + 12*q**2 - 16*q + 9. Let b = -8 + 14. Let z be y(b). Suppose -t = -2*t + z. Is t a composite number?
True
Let u(f) = 22*f**3 + 3*f**2 + 4*f - 1. Let s(r) = r**3 + 4*r**2 + 4. Let t be s(-4). Is u(t) a prime number?
True
Suppose -54*y + 242567 = -329509. Is y composite?
True
Let s(x) = 396*x - 18. Let w be s(-11). Let v = w - -6425. Is v a prime number?
False
Suppose 4*x + 967 = 5*l, 3*x = x + 2*l - 482. Suppose 5*b - 3941 + 1066 = 0. Let c = x + b. Is c a prime number?
True
Suppose 766 - 4415 = -l. Is l prime?
False
Let t be (-40)/24 + 8/(-6). Let j(h) = 29*h**2 + 6. Is j(t) a prime number?
False
Let c = -28966 + 50895. Is c a prime number?
True
Let s = 26560 - 12189. Is s a prime number?
False
Let a = 158 + 174. Is 17791/9 + (a/36 - 9) composite?
True
Let u(f) = 57*f**2 - 5*f + 13. Is u(-3) a composite number?
False
Suppose -2 = 2*o + 6*z - 2*z, -3*o - 30 = -3*z. Is (o/(-4))/(12/2256) composite?
True
Let f(g) = 25*g**3 + 4*g**2 + 10*g - 9. Let c be f(4). Suppose -c = -p - 2*p. Is p a composite number?
True
Suppose j - 1 - 7 = 0. Suppose -j*l + 10*l - 6 = 0. Let u(o) = 60*o + 7. Is u(l) composite?
True
Let h be (36/20)/(1/5). Let u = -7 + h. Is u a composite number?
False
Suppose x - 1 = 4. Suppose 4439 = x*d - 446. Is d prime?
True
Let h(o) be the third derivative of o**5/20 + o**4/8 - o**3/6 - 8*o**2 + 1. Let j = -5 + -1. Is h(j) a composite number?
False
Suppose 5*v - 210 = -p - 4*p, 3*v = -p + 34. Suppose -p*j + 339 = -45*j. Is j composite?
True
Let r = 29 + -27. Suppose -63 = -r*o + 115. Is o prime?
True
Let a be (2 - (2 + -1))*(-2 - -2). Suppose 625 + 687 = 2*u + 2*s, 3*u - s - 1980 = a. Is u composite?
False
Suppose -u - 1 - 3 = 0. Let c(a) = -718*a**2 + a - 3. Let l be c(u). Is l/(-9) - (-16)/(-72) a prime number?
True
Let u be (240*1 - 1) + 0/(-11). Let j = u + 560. Is j prime?
False
Suppose 2*o = -3*o - 50. Let q(w) = w**3 + 14*w**2 + 5*w - 3. Let n be q(o). Suppose -185 = -4*a + n. Is a prime?
False
Let f(t) = -t**3 + 7*t**2 - 10*t + 9. Let j be f(6). Let a be j/6*1758/(-5). Let v = -628 + a. Is v composite?
False
Suppose 81 = 4*s + 5*a, -2*a = -5*s + 36 + 90. Let v = s + 895. Is v a prime number?
True
Let g(o) = o**2 + 9*o. Suppose 0 = 4*t + 8 + 24. Let h be g(t). Is 663/7 - h/28 prime?
False
Let q be (-567)/(-27)*(1 + -2). Is (1 - 63)*(-22 - q) composite?
True
Let k(n) = n**3 + 6*n**2 - 5*n + 12. Let m be k(-7). Let a(w) = -28*w**3 - 3*w**2 + 1. Is a(m) composite?
True
Let v = -21 - -23. Let a be 2*-4*(-2)/4. Suppose 0 = -v*d - a*m + 322, 220 + 263 = 3*d - 3*m. Is d a composite number?
True
Let s be 43/5 + 26/65. Is (-133)/(-1) - (-7 + s) prime?
True
Let a(l) = 12*l**2 + l + 9. Suppose -12 = 2*m - 2. Let w be a(m). Let t = 503 - w. Is t composite?
False
Let u = 18707 - 6198. Is u prime?
False
Let p(f) = 7*f**2 + f + 1. Let s(t) = t**2 - 10*t - 5. Let c(g) = -g**2 - 4*g + 23. Let m be c(-6). Let o be s(m). Is p(o) composite?
True
Suppose -2*a + 4*a + 4 = 0. Let f be a/(-9) + 20125/(-45). Let w = -36 - f. Is w composite?
True
Let f = 36788 + -13681. Is f composite?
True
Let p be (-1)/(-4)*(-32)/(-4). Suppose 3*j - 7*v = -3*v + 15569, p*v - 2 = 0. Is j a composite number?
True
Let f(j) = 157*j + 16. Is f(3) composite?
False
Let o be 22/6 - (-14)/(-21). Let q be 3 + 81/o + -3. Suppose -18 = -5*c + 4*i, 4*c - i + 2*i - q = 0. Is c a prime number?
False
Let y = -44999 - -72768. Is y a composite number?
True
Let d = -32 + 25. Let o(x) = -313*x - 38. Is o(d) prime?
True
Let s = -44981 - -68098. Is s a prime number?
True
Is (-5)/(50/(-28856))*(-225)/(-90) a prime number?
False
Suppose -z - 3*z + 1788 = 4*w, 2*w - 2*z - 878 = 0. Is 4*(2 + -1) + w a prime number?
False
Let b(g) = 11*g - 3. Let r be b(3). Let w be (-4)/r - 3767/(-15). Suppose -4*q = -2*u - 3*q + 149, w = 3*u + 4*q. Is u composite?
True
Let f be (-2)/(-4) - (-4443)/2. Suppose -f + 399 = -x. Is x a prime number?
True
Suppose 0 = 3*v - 12, -y + v + 1757 = -3*v. Suppose -4748 = -a + y. Is a composite?
False
Let n(m) = 237*m**2 + m - 1. Let c(o) = -o**3 - 7*o**2 - 6*o + 5. Let b be c(-6). Suppose 0 = -3*y, 5 = -b*j - y - y. Is n(j) composite?
True
Let a be -3 + (20 - -1)/3. Is (-3 + 2)/(a/(-4564)) composite?
True
Let x = -29164 + 43475. Is x composite?
True
Suppose 2*y = 2*v + 5118, 10254 = 4*y + 401*v - 396*v. Is y a prime number?
False
Suppose 0 = d + 5*q + 198, 4*d + 630 + 208 = 3*q. Let s = d - -1191. Is s a composite number?
False
Suppose -2*h - 6 = -p, -p - 4 = 2*p + 5*h. Let q(m) = 2*m**p - 4*m - 3*m**2 - 1 + 11*m**3 - 3*m**3. Is q(4) a prime number?
True
Suppose 4*b - 6460 = 9048. Is b a composite number?
False
Suppose v - 2*r = 24369, 14*r - 9*r = v - 24384. Is v prime?
True
Suppose 0 = -12*n - 7*n + 38. Suppose 0 = n*p + 3*m - 164 - 434, -5*p = -3*m - 1453. Is p prime?
True
Let f(o) = -6*o**3 - 3*o**2 - 3*o - 3. Let t be (8/8)/(3/(-6)). Is f(t) a composite number?
True
Suppose 2*r - 3*h + 17700 = -3*r, h + 5 = 0. Let k = r - -5450. Is k a composite number?
False
Suppose -5*p = -2*j - 23259 + 8650, 0 = 4*p - 4*j - 11692. Is p a composite number?
True
Let w be 6422/6 - 12/9 - -2. Let n = -752 + w. Is n composite?
True
Suppose 361 = -d + 3*w, 5*d - 162 = -4*w - 1967. Let j = -202 - d. Is j prime?
False
Suppose 3*p = -a - 1347, 5*p + 2246 = -4*a + 2*a. Let k = 639 + p. Is k composite?
False
Let i be (-2 + 10)/(-4) + 2. Let b(j) = -3 + 10*j + 40*j - 14*j + i. Is b(5) composite?
True
Let c = 1276 - -697. Is c a prime number?
True
Let c = -13563 - -23374. Is c a prime number?
True
Suppose -5*t - 13538 = -3*z + 2*z, 4*t = 20. Is -1 + 6/(-4) + z/18 a prime number?
True
Suppose 5*f - 24395 = -2*p, 2*f - 11208 + 1431 = 3*p. Is f a prime number?
False
Suppose -3*k = -k + c + 33, -c + 9 = -k. Let m(r) = -49*r - 31. Is m(k) prime?
False
Let d be (-6 - 2)/(4/(-24)). Let i = 39 - 16. Let t = d + i. Is t prime?
True
Let k be ((-72)/(-28))/((-3)/(-21)). Let y be (96/k)/(1/3). Let o = 3 + y. Is o prime?
True
Let v(b) be the second derivative of b**4/12 + b**3/6 + 5*b**2/2 - 2*b. Let j be v(0). Suppose -2*q - 212 = -3*q + j*c, -4*c = -q + 207. Is q prime?
False
Let x(a) be the first derivative of 11*a**3 + 11*a**2/2 + 17*a + 26. Is x(-5) a prime number?
True
Suppose -3*g + 5*g = 414. Let q = g + -97. Let o = 81 + q. Is o a prime number?
True
Let o(y) = y**2 + 22*y + 6. Let g(x) = -x**2 - 23*x - 7. Let m(h) = 3*g(h) + 2*o(h). Let t be (-45)/4 - (-1)/4. Is m(t) a prime number?
False
Let n = 37534 - 25683. Is n prime?
False
Let v = -9 + 33. Suppose 3*f - 144 = -f + 4*y, 5*y + v = f. Is f a composite number?
True
Let i(z) be the second derivative of 83*z**3/3 - 29*z**2/2 + 25*z. Is i(4) prime?
False
Let h = -16973 - -64182. Is h prime?
False
Let c(j) = 0*j**2 + 0 - j**2 + 17 - 2 + 2*j. Let h be c(0). Suppose -h*a + 14*a = -25. Is a a composite number?
True
Let n(p) = -2*p - 4. Suppose -3*d - 12 = 3*z, 5*z + 2 = -d - 10. Let m be n(d). Suppose m = g - 5*g + 628. Is g prime?
True
Let k be -6*(-1)/(-6)*-3. Suppose p + 2083 = m + k*m, -519 = -m + 2*p. Is m a composite number?
False
Let a = 1267 + -6708. Let j = a + 8514. Is j a composite number?
True
Is -2*(2 - 4) + 42199 composite?
True
Let f(r) = 943*r**3 + 2*r**2 - 14*r +